{"id":1239,"date":"2022-03-01T15:03:18","date_gmt":"2022-03-01T14:03:18","guid":{"rendered":"https:\/\/reckinger-alfred.lu\/?page_id=1239"},"modified":"2022-04-08T10:30:31","modified_gmt":"2022-04-08T08:30:31","slug":"installations-electriques","status":"publish","type":"page","link":"https:\/\/reckinger-alfred.lu\/fr\/nos-installations\/installations-electriques\/","title":{"rendered":"Installations \u00e9lectriques"},"content":{"rendered":"","protected":false},"excerpt":{"rendered":"","protected":false},"author":1,"featured_media":0,"parent":41,"menu_order":0,"comment_status":"closed","ping_status":"closed","template":"templates\/installation-details.php","meta":{"inline_featured_image":false,"footnotes":""},"class_list":["post-1239","page","type-page","status-publish","hentry"],"acf":[],"yoast_head":"<!-- This site is optimized with the Yoast SEO plugin v23.9 - https:\/\/yoast.com\/wordpress\/plugins\/seo\/ -->\n<title>\u00c9lectricien Luxembourg | \u00c9lectricit\u00e9 g\u00e9n\u00e9rale | Reckinger<\/title>\n<meta name=\"description\" content=\"De l\u2019\u00e9lectricit\u00e9 g\u00e9n\u00e9rale \u00e0 l\u2019\u00e9clairage, du c\u00e2blage \u00e0 la mise en service par un \u00e9lectricien, d\u00e9couvrez les services propos\u00e9s par nos \u00e9quipes \u00e0 Luxembourg.\" \/>\n<meta name=\"robots\" content=\"index, follow, max-snippet:-1, max-image-preview:large, max-video-preview:-1\" \/>\n<link rel=\"canonical\" href=\"https:\/\/reckinger-alfred.lu\/fr\/nos-installations\/installations-electriques\/\" \/>\n<meta property=\"og:locale\" content=\"fr_FR\" \/>\n<meta property=\"og:type\" content=\"article\" \/>\n<meta property=\"og:title\" content=\"\u00c9lectricien Luxembourg | \u00c9lectricit\u00e9 g\u00e9n\u00e9rale | Reckinger\" \/>\n<meta property=\"og:description\" content=\"De l\u2019\u00e9lectricit\u00e9 g\u00e9n\u00e9rale \u00e0 l\u2019\u00e9clairage, du c\u00e2blage \u00e0 la mise en service par un \u00e9lectricien, d\u00e9couvrez les services propos\u00e9s par nos \u00e9quipes \u00e0 Luxembourg.\" \/>\n<meta property=\"og:url\" content=\"https:\/\/reckinger-alfred.lu\/fr\/nos-installations\/installations-electriques\/\" \/>\n<meta property=\"og:site_name\" content=\"Reckinger Alfred S.A.\" \/>\n<meta property=\"article:publisher\" content=\"https:\/\/www.facebook.com\/reckinger.air.eau\/\" \/>\n<meta property=\"article:modified_time\" content=\"2022-04-08T08:30:31+00:00\" \/>\n<meta name=\"twitter:card\" content=\"summary_large_image\" \/>\n<script type=\"application\/ld+json\" class=\"yoast-schema-graph\">{\"@context\":\"https:\/\/schema.org\",\"@graph\":[{\"@type\":\"WebPage\",\"@id\":\"https:\/\/reckinger-alfred.lu\/fr\/nos-installations\/installations-electriques\/\",\"url\":\"https:\/\/reckinger-alfred.lu\/fr\/nos-installations\/installations-electriques\/\",\"name\":\"\u00c9lectricien Luxembourg | \u00c9lectricit\u00e9 g\u00e9n\u00e9rale | Reckinger\",\"isPartOf\":{\"@id\":\"https:\/\/reckinger-alfred.lu\/fr\/#website\"},\"datePublished\":\"2022-03-01T14:03:18+00:00\",\"dateModified\":\"2022-04-08T08:30:31+00:00\",\"description\":\"De l\u2019\u00e9lectricit\u00e9 g\u00e9n\u00e9rale \u00e0 l\u2019\u00e9clairage, du c\u00e2blage \u00e0 la mise en service par un \u00e9lectricien, d\u00e9couvrez les services propos\u00e9s par nos \u00e9quipes \u00e0 Luxembourg.\",\"breadcrumb\":{\"@id\":\"https:\/\/reckinger-alfred.lu\/fr\/nos-installations\/installations-electriques\/#breadcrumb\"},\"inLanguage\":\"fr-FR\",\"potentialAction\":[{\"@type\":\"ReadAction\",\"target\":[\"https:\/\/reckinger-alfred.lu\/fr\/nos-installations\/installations-electriques\/\"]}]},{\"@type\":\"BreadcrumbList\",\"@id\":\"https:\/\/reckinger-alfred.lu\/fr\/nos-installations\/installations-electriques\/#breadcrumb\",\"itemListElement\":[{\"@type\":\"ListItem\",\"position\":1,\"name\":\"Home\",\"item\":\"https:\/\/reckinger-alfred.lu\/fr\/\"},{\"@type\":\"ListItem\",\"position\":2,\"name\":\"Nos installations\",\"item\":\"https:\/\/reckinger-alfred.lu\/fr\/nos-installations\/\"},{\"@type\":\"ListItem\",\"position\":3,\"name\":\"Installations \u00e9lectriques\"}]},{\"@type\":\"WebSite\",\"@id\":\"https:\/\/reckinger-alfred.lu\/fr\/#website\",\"url\":\"https:\/\/reckinger-alfred.lu\/fr\/\",\"name\":\"Reckinger Alfred S.A.\",\"description\":\"Air et Eau depuis 1911\",\"publisher\":{\"@id\":\"https:\/\/reckinger-alfred.lu\/fr\/#organization\"},\"potentialAction\":[{\"@type\":\"SearchAction\",\"target\":{\"@type\":\"EntryPoint\",\"urlTemplate\":\"https:\/\/reckinger-alfred.lu\/fr\/?s={search_term_string}\"},\"query-input\":{\"@type\":\"PropertyValueSpecification\",\"valueRequired\":true,\"valueName\":\"search_term_string\"}}],\"inLanguage\":\"fr-FR\"},{\"@type\":\"Organization\",\"@id\":\"https:\/\/reckinger-alfred.lu\/fr\/#organization\",\"name\":\"Reckinger Alfred S.A.\",\"url\":\"https:\/\/reckinger-alfred.lu\/fr\/\",\"logo\":{\"@type\":\"ImageObject\",\"inLanguage\":\"fr-FR\",\"@id\":\"https:\/\/reckinger-alfred.lu\/fr\/#\/schema\/logo\/image\/\",\"url\":\"https:\/\/reckinger-alfred.lu\/app\/uploads\/2021\/10\/logo-reckinger-color@2x.png\",\"contentUrl\":\"https:\/\/reckinger-alfred.lu\/app\/uploads\/2021\/10\/logo-reckinger-color@2x.png\",\"width\":372,\"height\":123,\"caption\":\"Reckinger Alfred S.A.\"},\"image\":{\"@id\":\"https:\/\/reckinger-alfred.lu\/fr\/#\/schema\/logo\/image\/\"},\"sameAs\":[\"https:\/\/www.facebook.com\/reckinger.air.eau\/\",\"https:\/\/www.instagram.com\/reckingeralfred.sa\/\"]}]}<\/script>\n<!-- \/ Yoast SEO plugin. -->","yoast_head_json":{"title":"\u00c9lectricien Luxembourg | \u00c9lectricit\u00e9 g\u00e9n\u00e9rale | Reckinger","description":"De l\u2019\u00e9lectricit\u00e9 g\u00e9n\u00e9rale \u00e0 l\u2019\u00e9clairage, du c\u00e2blage \u00e0 la mise en service par un \u00e9lectricien, d\u00e9couvrez les services propos\u00e9s par nos \u00e9quipes \u00e0 Luxembourg.","robots":{"index":"index","follow":"follow","max-snippet":"max-snippet:-1","max-image-preview":"max-image-preview:large","max-video-preview":"max-video-preview:-1"},"canonical":"https:\/\/reckinger-alfred.lu\/fr\/nos-installations\/installations-electriques\/","og_locale":"fr_FR","og_type":"article","og_title":"\u00c9lectricien Luxembourg | \u00c9lectricit\u00e9 g\u00e9n\u00e9rale | Reckinger","og_description":"De l\u2019\u00e9lectricit\u00e9 g\u00e9n\u00e9rale \u00e0 l\u2019\u00e9clairage, du c\u00e2blage \u00e0 la mise en service par un \u00e9lectricien, d\u00e9couvrez les services propos\u00e9s par nos \u00e9quipes \u00e0 Luxembourg.","og_url":"https:\/\/reckinger-alfred.lu\/fr\/nos-installations\/installations-electriques\/","og_site_name":"Reckinger Alfred S.A.","article_publisher":"https:\/\/www.facebook.com\/reckinger.air.eau\/","article_modified_time":"2022-04-08T08:30:31+00:00","twitter_card":"summary_large_image","schema":{"@context":"https:\/\/schema.org","@graph":[{"@type":"WebPage","@id":"https:\/\/reckinger-alfred.lu\/fr\/nos-installations\/installations-electriques\/","url":"https:\/\/reckinger-alfred.lu\/fr\/nos-installations\/installations-electriques\/","name":"\u00c9lectricien Luxembourg | \u00c9lectricit\u00e9 g\u00e9n\u00e9rale | Reckinger","isPartOf":{"@id":"https:\/\/reckinger-alfred.lu\/fr\/#website"},"datePublished":"2022-03-01T14:03:18+00:00","dateModified":"2022-04-08T08:30:31+00:00","description":"De l\u2019\u00e9lectricit\u00e9 g\u00e9n\u00e9rale \u00e0 l\u2019\u00e9clairage, du c\u00e2blage \u00e0 la mise en service par un \u00e9lectricien, d\u00e9couvrez les services propos\u00e9s par nos \u00e9quipes \u00e0 Luxembourg.","breadcrumb":{"@id":"https:\/\/reckinger-alfred.lu\/fr\/nos-installations\/installations-electriques\/#breadcrumb"},"inLanguage":"fr-FR","potentialAction":[{"@type":"ReadAction","target":["https:\/\/reckinger-alfred.lu\/fr\/nos-installations\/installations-electriques\/"]}]},{"@type":"BreadcrumbList","@id":"https:\/\/reckinger-alfred.lu\/fr\/nos-installations\/installations-electriques\/#breadcrumb","itemListElement":[{"@type":"ListItem","position":1,"name":"Home","item":"https:\/\/reckinger-alfred.lu\/fr\/"},{"@type":"ListItem","position":2,"name":"Nos installations","item":"https:\/\/reckinger-alfred.lu\/fr\/nos-installations\/"},{"@type":"ListItem","position":3,"name":"Installations \u00e9lectriques"}]},{"@type":"WebSite","@id":"https:\/\/reckinger-alfred.lu\/fr\/#website","url":"https:\/\/reckinger-alfred.lu\/fr\/","name":"Reckinger Alfred S.A.","description":"Air et Eau depuis 1911","publisher":{"@id":"https:\/\/reckinger-alfred.lu\/fr\/#organization"},"potentialAction":[{"@type":"SearchAction","target":{"@type":"EntryPoint","urlTemplate":"https:\/\/reckinger-alfred.lu\/fr\/?s={search_term_string}"},"query-input":{"@type":"PropertyValueSpecification","valueRequired":true,"valueName":"search_term_string"}}],"inLanguage":"fr-FR"},{"@type":"Organization","@id":"https:\/\/reckinger-alfred.lu\/fr\/#organization","name":"Reckinger Alfred S.A.","url":"https:\/\/reckinger-alfred.lu\/fr\/","logo":{"@type":"ImageObject","inLanguage":"fr-FR","@id":"https:\/\/reckinger-alfred.lu\/fr\/#\/schema\/logo\/image\/","url":"https:\/\/reckinger-alfred.lu\/app\/uploads\/2021\/10\/logo-reckinger-color@2x.png","contentUrl":"https:\/\/reckinger-alfred.lu\/app\/uploads\/2021\/10\/logo-reckinger-color@2x.png","width":372,"height":123,"caption":"Reckinger Alfred S.A."},"image":{"@id":"https:\/\/reckinger-alfred.lu\/fr\/#\/schema\/logo\/image\/"},"sameAs":["https:\/\/www.facebook.com\/reckinger.air.eau\/","https:\/\/www.instagram.com\/reckingeralfred.sa\/"]}]}},"_links":{"self":[{"href":"https:\/\/reckinger-alfred.lu\/fr\/wp-json\/wp\/v2\/pages\/1239","targetHints":{"allow":["GET"]}}],"collection":[{"href":"https:\/\/reckinger-alfred.lu\/fr\/wp-json\/wp\/v2\/pages"}],"about":[{"href":"https:\/\/reckinger-alfred.lu\/fr\/wp-json\/wp\/v2\/types\/page"}],"author":[{"embeddable":true,"href":"https:\/\/reckinger-alfred.lu\/fr\/wp-json\/wp\/v2\/users\/1"}],"replies":[{"embeddable":true,"href":"https:\/\/reckinger-alfred.lu\/fr\/wp-json\/wp\/v2\/comments?post=1239"}],"version-history":[{"count":7,"href":"https:\/\/reckinger-alfred.lu\/fr\/wp-json\/wp\/v2\/pages\/1239\/revisions"}],"predecessor-version":[{"id":1373,"href":"https:\/\/reckinger-alfred.lu\/fr\/wp-json\/wp\/v2\/pages\/1239\/revisions\/1373"}],"up":[{"embeddable":true,"href":"https:\/\/reckinger-alfred.lu\/fr\/wp-json\/wp\/v2\/pages\/41"}],"wp:attachment":[{"href":"https:\/\/reckinger-alfred.lu\/fr\/wp-json\/wp\/v2\/media?parent=1239"}],"curies":[{"name":"wp","href":"https:\/\/api.w.org\/{rel}","templated":true}]}}

Installations électriques

<!-- This site is optimized with the Yoast SEO plugin v23.9 - https://yoast.com/wordpress/plugins/seo/ -->
<title>Électricien Luxembourg | Électricité générale | Reckinger</title>
<meta name="description" content="De l’électricité générale à l’éclairage, du câblage à la mise en service par un électricien, découvrez les services proposés par nos équipes à Luxembourg." />
<meta name="robots" content="index, follow, max-snippet:-1, max-image-preview:large, max-video-preview:-1" />
<link rel="canonical" href="https://reckinger-alfred.lu/fr/nos-installations/installations-electriques/" />
<meta property="og:locale" content="fr_FR" />
<meta property="og:type" content="article" />
<meta property="og:title" content="Électricien Luxembourg | Électricité générale | Reckinger" />
<meta property="og:description" content="De l’électricité générale à l’éclairage, du câblage à la mise en service par un électricien, découvrez les services proposés par nos équipes à Luxembourg." />
<meta property="og:url" content="https://reckinger-alfred.lu/fr/nos-installations/installations-electriques/" />
<meta property="og:site_name" content="Reckinger Alfred S.A." />
<meta property="article:publisher" content="https://www.facebook.com/reckinger.air.eau/" />
<meta property="article:modified_time" content="2022-04-08T08:30:31+00:00" />
<meta name="twitter:card" content="summary_large_image" />
<script type="application/ld+json" class="yoast-schema-graph">{"@context":"https://schema.org","@graph":[{"@type":"WebPage","@id":"https://reckinger-alfred.lu/fr/nos-installations/installations-electriques/","url":"https://reckinger-alfred.lu/fr/nos-installations/installations-electriques/","name":"Électricien Luxembourg | Électricité générale | Reckinger","isPartOf":{"@id":"https://reckinger-alfred.lu/fr/#website"},"datePublished":"2022-03-01T14:03:18+00:00","dateModified":"2022-04-08T08:30:31+00:00","description":"De l’électricité générale à l’éclairage, du câblage à la mise en service par un électricien, découvrez les services proposés par nos équipes à Luxembourg.","breadcrumb":{"@id":"https://reckinger-alfred.lu/fr/nos-installations/installations-electriques/#breadcrumb"},"inLanguage":"fr-FR","potentialAction":[{"@type":"ReadAction","target":["https://reckinger-alfred.lu/fr/nos-installations/installations-electriques/"]}]},{"@type":"BreadcrumbList","@id":"https://reckinger-alfred.lu/fr/nos-installations/installations-electriques/#breadcrumb","itemListElement":[{"@type":"ListItem","position":1,"name":"Home","item":"https://reckinger-alfred.lu/fr/"},{"@type":"ListItem","position":2,"name":"Nos installations","item":"https://reckinger-alfred.lu/fr/nos-installations/"},{"@type":"ListItem","position":3,"name":"Installations électriques"}]},{"@type":"WebSite","@id":"https://reckinger-alfred.lu/fr/#website","url":"https://reckinger-alfred.lu/fr/","name":"Reckinger Alfred S.A.","description":"Air et Eau depuis 1911","publisher":{"@id":"https://reckinger-alfred.lu/fr/#organization"},"potentialAction":[{"@type":"SearchAction","target":{"@type":"EntryPoint","urlTemplate":"https://reckinger-alfred.lu/fr/?s={search_term_string}"},"query-input":{"@type":"PropertyValueSpecification","valueRequired":true,"valueName":"search_term_string"}}],"inLanguage":"fr-FR"},{"@type":"Organization","@id":"https://reckinger-alfred.lu/fr/#organization","name":"Reckinger Alfred S.A.","url":"https://reckinger-alfred.lu/fr/","logo":{"@type":"ImageObject","inLanguage":"fr-FR","@id":"https://reckinger-alfred.lu/fr/#/schema/logo/image/","url":"https://reckinger-alfred.lu/app/uploads/2021/10/logo-reckinger-color@2x.png","contentUrl":"https://reckinger-alfred.lu/app/uploads/2021/10/logo-reckinger-color@2x.png","width":372,"height":123,"caption":"Reckinger Alfred S.A."},"image":{"@id":"https://reckinger-alfred.lu/fr/#/schema/logo/image/"},"sameAs":["https://www.facebook.com/reckinger.air.eau/","https://www.instagram.com/reckingeralfred.sa/"]}]}</script>
<!-- / Yoast SEO plugin. -->

Électricien Luxembourg | Électricité générale | Reckinger

De l’électricité générale à l’éclairage, du câblage à la mise en service par un électricien, découvrez les services proposés par nos équipes à Luxembourg.
